- 21*r**2. What is the tens digit of t(-22)?
8
Suppose 3*j - 4*c + 9 = 0, -2 = -3*c + 7. Let g = 14 - j. Suppose -14*r + 15 = -g*r. What is the units digit of r?
5
Let z(d) = 527*d**2 + d. Let q be z(1). Let j = -377 + q. Suppose 34 = -3*v + j. What is the units digit of v?
9
Let p = -98 + -27. Let n = p - -82. Let s = -8 - n. What is the tens digit of s?
3
Let o(j) = 10*j + 6. Let k be o(4). Let l = k - 37. What is the units digit of l?
9
Let z(t) = t**2 + 9*t - 1. Suppose h + 12 = 5*x - 1, 3*h + 39 = x. What is the units digit of z(h)?
1
Let t = -2393 + 5765. What is the units digit of t?
2
Suppose 5*f + 3190 = 5*i, f = 5*i - 2*i - 1916. What is the units digit of i?
9
Suppose 5*a = -n - 6, 4*n = -n - 5. Let j be a*3 - (-8 - -3). Suppose -122 = -0*f - j*f. What is the tens digit of f?
6
Suppose -21*x - 2218 = -18787. What is the units digit of x?
9
Suppose 4*p - 6*p + 1436 = 3*w, 0 = 4*w - p - 1933. Suppose w = 3*x - 2*c, -4*c = -2*c + 8. Suppose 4*t - x = -34. What is the tens digit of t?
3
Suppose 28*m = 27*m + 512. Suppose -2*w = 4*t - m, -117 = 3*t - 3*w - 519. What is the hundreds digit of t?
1
Let w(s) = s + 8. Let q be w(-8). Suppose a + q - 3 = 0. Suppose a*u - u - 54 = 0. What is the units digit of u?
7
Let a(h) be the third derivative of 4*h**2 + 0 + 7/60*h**5 + 1/12*h**4 + 0*h - 1/2*h**3. What is the units digit of a(2)?
9
Let t be 3/12 + 29/(-4). Let b(o) = -o - 1. Let d be b(t). Suppose 3*s - m - 1 = 3, s = 4*m - d. What is the units digit of s?
2
Let m = 27 + -42. Let q(v) = -3*v - 17. What is the units digit of q(m)?
8
Let i(l) = -2*l**3 - 10*l**2 - 16*l + 19. What is the tens digit of i(-8)?
3
Suppose -35 = -0*k - 7*k. Suppose -4*b + 275 = -3*n, n = -k*b + 4*n + 343. What is the units digit of b?
8
Let b = -1 - -5. Suppose 2 = -b*k + 10. Let f(v) = 5*v**2 - v + 1. What is the units digit of f(k)?
9
Let q(n) be the first derivative of -n**3/3 - 21*n**2/2 + 14*n + 18. What is the hundreds digit of q(-15)?
1
Let b(z) = 2*z + 29. Let d be b(-12). Suppose -d*f - 395 + 1224 = 3*h, 2*f = 2*h + 338. What is the hundreds digit of f?
1
Suppose 4*u - 6069 = -1601. What is the tens digit of u?
1
Suppose -6 = -2*k - 0. Suppose -k*b = -3 - 3, 5*r - 2*b = 1. What is the units digit of (r/(-1) + -17)/(-2)?
9
Suppose -5 = 5*k - 6*k. Suppose -3*u - 5*d = -k*u + 42, 0 = 4*u - 3*d - 98. What is the tens digit of u?
2
Let n be 27*(2 - 3)*12/18. Suppose 2*s - 2*o + 47 = -5*o, o = 3. Let y = n - s. What is the tens digit of y?
1
Let r(s) = 2*s - 7. Let a be r(14). Let l = -1 - a. Let d = 32 + l. What is the units digit of d?
0
Let c(j) = -j**3 + 8*j**2 - 5*j - 2. Let y be c(7). What is the units digit of (16/32)/(1/y)?
6
Suppose -5*o - 5*b + 45 = -0*b, -2*o = -b - 6. Suppose 0 = -4*h + h - 5*z - 7, 0 = h + 3*z + o. What is the units digit of h?
1
Suppose -4*o = -7*o + m + 783, o = 3*m + 261. What is the hundreds digit of o?
2
Let m = 227 - 50. Suppose 0 = 4*q - 2*l - 358, 0 = -2*q + 4*q + l - m. What is the tens digit of q?
8
Let g(w) = w**3 - 12*w**2 + w. Let t = -94 - -106. What is the units digit of g(t)?
2
Suppose -o + 3*w + 9 = 0, o + 3 = -3*w + 18. What is the tens digit of o?
1
Suppose -2*s = -5*s + 15. Suppose v - z - 9 + 3 = 0, s*v + 3*z - 14 = 0. Suppose 2*y - 4*a - 23 - 9 = 0, v*a + 42 = 3*y. What is the tens digit of y?
1
Suppose -88*g = -90*g + 10. Suppose 5*u = -2*d + 518, 3*u - 313 = g*d - 4*d. What is the hundreds digit of u?
1
Let z = -2 - -5. Suppose -430 - 22 = -o + h, -5*o + 2258 = -4*h. Suppose -9*c + z*c = -o. What is the tens digit of c?
7
Suppose -19*b + 88 = -45. Suppose 12*z = b*z + 205. What is the units digit of z?
1
Suppose -3*l = -0*l + 5*i - 51, -5*l + 45 = -5*i. Suppose 10*t - l*t = -4. Suppose t*m + 6 = 0, 0 = j + 4*m - m + 1. What is the units digit of j?
8
Let d be (-2)/6 - 854/(-42). What is the units digit of d/25 + (-186)/(-5)?
8
What is the units digit of (347/6)/(5/30)?
7
Suppose 0 = 8*h - 93 - 1979. What is the tens digit of h?
5
Let f(c) = -3*c - 37. Let k be f(-13). What is the hundreds digit of 17/k*(-13)/(39/(-54))?
1
Suppose -4*o - 60*t = -59*t - 14573, o - 4*t - 3639 = 0. What is the thousands digit of o?
3
What is the hundreds digit of (-84)/588 + (-5979)/(-7)?
8
Let s(w) = -w**3 + 4*w**2 - w + 5. Let r be s(4). Suppose 4 = -5*c - 6. What is the tens digit of ((-1)/c)/(r/34)?
1
Let k = 13 + 59. Let l = -48 + k. Let y = 60 + l. What is the units digit of y?
4
Let a(i) = i**2 - 19*i - 15. Let v(o) = o. Let z(h) = a(h) + 5*v(h). What is the tens digit of z(16)?
1
Let s = -643 + 1359. What is the tens digit of s?
1
Suppose -4*u + 1 - 5 = 0. What is the units digit of (u/2)/(7/(-392))?
8
Let b = 5205 - 2915. What is the thousands digit of b?
2
Let k(q) = -q**3 + 7*q**2 - 5*q - 2. Let d be k(6). Suppose 4*n - 260 = -5*c + d*c, 1094 = 4*c - 2*n. What is the units digit of c?
2
Let a(q) = q**3 + 9*q**2 + 6*q - 10. Let d be a(-7). Let k(x) = -x**3 - 5*x**2 + 5*x - 6. Let o be k(-5). Let l = o + d. What is the units digit of l?
5
What is the units digit of (0 - -3)/(-3 - 204/(-67))?
7
Let k(i) = i - 1. Let a(p) = p + 5. Let z(r) = -r**3 - 7*r**2 - 5*r + 12. Let c be z(-6). Let l(t) = c*k(t) - 2*a(t). What is the units digit of l(5)?
4
Suppose y - i + 2*i - 3 = 0, -3*y - 4*i + 8 = 0. Let v(f) = 5*f + y - 6*f + 0. What is the units digit of v(3)?
1
Let x = 980 - 867. What is the hundreds digit of x?
1
Suppose -4*k + 5*n + 1685 = 0, -3*k = -4*n + 70 - 1334. What is the tens digit of k?
2
What is the thousands digit of (4 - (-22)/(-5)) + (-11187)/(-5)?
2
Suppose 4*f + 5*j = 301, -2*f + 238 - 87 = 3*j. Let g = 3 - -47. Let k = f - g. What is the units digit of k?
4
Suppose -h - 16 = -5*k, 3*h - 4*k = 5*h + 46. Let w = -18 - h. Let s(n) = 2*n**3 - 3*n**2 + 3*n + 4. What is the tens digit of s(w)?
4
Let q(n) = 4*n + 8 + 11*n + 2*n**2 - 5*n - n**2. Let p be q(-9). What is the units digit of (1 - p*39)*1?
0
Suppose 4*s = -3*s + 28. Suppose -3*m - 103 = -301. Suppose m = s*f - 34. What is the units digit of f?
5
Suppose -3*h + 136 = 46. What is the tens digit of (-10)/(-2)*(6 + (-108)/h)?
1
Suppose 0 = -333*c + 332*c + 3869. What is the thousands digit of c?
3
Suppose 0 = -32*f + 1452 + 27156. What is the hundreds digit of f?
8
Suppose 26 = -229*z + 242*z. Let v be 20/(-3)*-1*3. Suppose -z*m + v + 8 = 0. What is the units digit of m?
4
Let b(n) = -736*n - 8. Let d be b(-3). Suppose -436 = 14*h - d. What is the tens digit of h?
2
Let j be (-4 + -1)*(-3 + 2). What is the tens digit of 258/j - (-4)/10?
5
Suppose -3*q + 2*q + 2*a + 80 = 0, -2*q = -2*a - 166. What is the tens digit of q?
8
Suppose 3*m = -m + 12. Suppose 2*u = -m*u + 20. Suppose 4*j = -j + 15, -u*s = -2*j - 218. What is the units digit of s?
6
Let f(u) = u**3 + 10*u**2 - 10*u + 13. Let o be f(-11). What is the units digit of (-4)/(o/((-4)/4))?
2
Let g(r) = -r**3 + 9*r**2 + 12*r + 9. Let a be 3*4/(-3) + -36. Let n be (-1)/(-1 - 36/a). What is the tens digit of g(n)?
2
Suppose 9*j - 5*j - 1052 = 0. What is the hundreds digit of j?
2
Suppose 3*y - o - 370 = 0, 0 = o - 4*o + 6. Let i = y - 89. What is the units digit of i?
5
Suppose 0 = 9*v - 1308 - 771. What is the units digit of v?
1
Suppose 0 = 10*h - 8*h. What is the tens digit of (h - 246)/((198/12)/(-11))?
6
Let b(i) = 254*i - 87. What is the hundreds digit of b(20)?
9
Let f(p) = p**2 - 12*p - 3. Let s be f(12). Let x = 6 + s. Suppose 0*a - 16 = -a + 2*g, -x*a = 5*g - 37. What is the tens digit of a?
1
Suppose 2*d + 518 = -2*d - 5*q, 3*d - q = -398. Let s be d/(-8)*6/(-3). Let n = -27 - s. What is the units digit of n?
6
Let k(n) = 3*n**2 + 2*n + 2. Suppose 0 = -x + 2*q + 6, 5*q - 11 + 0 = -4*x. What is the units digit of k(x)?
8
Suppose 14259 = 8*s + 3475. What is the hundreds digit of s?
3
Let f = 17 + -29. What is the units digit of 687/18 - (-2)/f?
8
Suppose -2*x - 1245 = 2*x + 3*i, 2*x - 4*i + 606 = 0. Let s = -178 - x. What is the hundreds digit of s?
1
Let q = 13 - 16. Let a(h) = h**3 + 3*h**2 - h + 2. Let r be a(q). Suppose -r - 9 = -u. What is the units digit of u?
4
Let u(j) = 3*j**3 - 5*j**2 - 8*j + 18. What is the tens digit of u(6)?
3
Let g(k) be the first derivative of 227*k**3/3 + 2*k + 26. What is the hundreds digit of g(1)?
2
Suppose -4*q = -2*k - 4527 + 12287, 5*q - 3845 = -k. What is 